 greatest common divisor of 26 and 49049.
13
Calculate the highest common factor of 486662 and 242.
242
What is the highest common factor of 26207 and 12410?
73
What is the highest common divisor of 1379052 and 1836?
108
What is the highest common factor of 369 and 65997?
9
Calculate the highest common divisor of 802860 and 40.
20
What is the greatest common factor of 4257 and 7353?
387
What is the greatest common divisor of 15035 and 1?
1
What is the highest common divisor of 766 and 613183?
383
What is the greatest common factor of 87849 and 1548?
387
What is the highest common divisor of 2501 and 14335?
61
What is the highest common divisor of 437 and 26885?
19
What is the greatest common divisor of 33063 and 2781?
309
What is the greatest common divisor of 26850 and 31146?
1074
Calculate the greatest common factor of 33 and 701331.
3
Calculate the greatest common factor of 5 and 139165.
5
What is the greatest common factor of 52539 and 18357?
633
Calculate the greatest common factor of 22248 and 756.
108
What is the greatest common factor of 1161 and 14061?
129
What is the highest common divisor of 9288 and 6?
6
Calculate the highest common factor of 316 and 88.
4
Calculate the highest common factor of 576 and 67572.
36
What is the highest common factor of 156 and 519324?
156
What is the highest common divisor of 882952 and 560?
56
Calculate the greatest common divisor of 190 and 5315630.
190
Calculate the greatest common divisor of 561480 and 840.
120
Calculate the greatest common divisor of 510 and 175950.
510
What is the greatest common divisor of 32692 and 792?
44
Calculate the highest common factor of 227199 and 434.
217
What is the highest common factor of 90 and 3370?
10
What is the highest common factor of 92922 and 204?
102
What is the greatest common factor of 8007769 and 77?
77
Calculate the highest common divisor of 1615 and 44365.
95
What is the greatest common factor of 9 and 112653?
9
What is the greatest common divisor of 548 and 1781?
137
Calculate the highest common factor of 525 and 2870175.
525
What is the highest common divisor of 260 and 2230514?
26
Calculate the greatest common factor of 600 and 353200.
200
What is the highest common divisor of 13951 and 203?
7
What is the greatest common factor of 11 and 6285983?
11
Calculate the highest common divisor of 1010477 and 13.
13
Calculate the highest common divisor of 383 and 5041812.
383
What is the greatest common factor of 306 and 6462?
18
Calculate the highest common divisor of 258 and 6511146.
258
What is the highest common factor of 1 and 457?
1
What is the greatest common divisor of 4376463 and 1785?
357
What is the highest common factor of 21 and 59199?
21
Calculate the highest common factor of 88 and 45782.
22
What is the highest common factor of 1221 and 191364?
111
Calculate the highest common factor of 4 and 55780.
4
What is the highest common divisor of 661594 and 586?
586
Calculate the highest common divisor of 352 and 1782.
22
What is the greatest common factor of 9994 and 722?
38
What is the highest common divisor of 12642 and 430?
86
What is the highest common divisor of 996 and 952674?
498
What is the highest common divisor of 12105511 and 11?
11
What is the highest common factor of 793520 and 364?
364
What is the greatest common factor of 6 and 6888?
6
Calculate the greatest common divisor of 6174189 and 1449.
1449
Calculate the highest common factor of 15008 and 40468.
268
What is the greatest common divisor of 13448 and 24272?
328
Calculate the highest common divisor of 9 and 4943.
1
What is the greatest common divisor of 510 and 5010?
30
Calculate the greatest common divisor of 62513 and 33.
11
Calculate the highest common divisor of 70 and 914330.
10
Calculate the highest common divisor of 151386 and 598.
46
Calculate the greatest common divisor of 552 and 12512.
184
What is the highest common factor of 22945 and 1300?
65
What is the greatest common factor of 903 and 7611?
129
What is the highest common factor of 30691 and 517?
47
What is the highest common divisor of 159771 and 38?
19
Calculate the greatest common factor of 6024 and 32.
8
Calculate the highest common divisor of 92 and 94792.
4
Calculate the highest common divisor of 1380 and 25944.
276
What is the highest common factor of 3996 and 24605?
37
Calculate the greatest common factor of 13000 and 21775.
325
What is the greatest common factor of 911901 and 129?
129
What is the greatest common divisor of 217115 and 502?
251
What is the greatest common divisor of 2525 and 3232?
101
What is the highest common factor of 22 and 125037?
11
Calculate the highest common divisor of 308 and 5362.
14
What is the greatest common factor of 11371 and 1660?
83
What is the highest common factor of 5402 and 444?
74
What is the highest common factor of 12 and 17970?
6
What is the highest common divisor of 10 and 32425?
5
What is the greatest common divisor of 14555940 and 20?
20
What is the greatest common factor of 376392 and 648?
24
What is the highest common factor of 209899 and 697?
17
Calculate the highest common factor of 182 and 3479.
7
What is the highest common factor of 306032 and 8?
8
Calculate the highest common factor of 1344980 and 520.
260
What is the highest common divisor of 199 and 13923632?
199
What is the highest common divisor of 744 and 3036?
12
What is the highest common factor of 128 and 58?
2
Calculate the greatest common factor of 178 and 1746358.
178
Calculate the highest common factor of 90 and 121545.
45
Calculate the highest common divisor of 1062 and 59118.
354
Calculate the greatest common divisor of 189 and 19208.
7
Calculate the greatest common divisor of 1000 and 22200.
200
Calculate the highest common factor of 8690672 and 8.
8
Calculate the highest common factor of 490 and 7322.
14
Calculate the greatest common factor of 3024 and 15568.
112
Calculate the greatest common factor of 672877 and 289.
17
Calculate the greatest common divisor of 71 and 82502.
71
What is the highest common divisor of 46535 and 263320?
1135
What is the highest common divisor of 20018 and 8?
2
Calculate the highest common divisor of 308 and 311828.
44
Calculate the highest common divisor of 97895 and 35.
35
Calculate the highest common factor of 1560688 and 32.
16
What is the highest common factor of 480 and 4755?
15
What is the highest common factor of 2226 and 922836?
318
Calculate the highest common divisor of 3304 and 405979.
413
What is the greatest common divisor of 2002 and 13321?
77
Calculate the highest common divisor of 56 and 7039592.
56
Calculate the highest common factor of 28118 and 102.
34
Calculate the highest common divisor of 5 and 20735.
5
What is the highest common divisor of 2601 and 2493?
9
What is the highest common divisor of 594 and 132651?
27
Calculate the greatest common divisor of 1999485 and 90.
45
What is the greatest common divisor of 88662 and 623?
7
What is the greatest common divisor of 2567 and 16337?
17
What is the highest common divisor of 208 and 166088?
104
Calculate the greatest common factor of 17936 and 32332.
236
Calculate the greatest common divisor of 23541 and 10443.
177
What is the greatest common factor of 1912 and 413948?
956
Calculate the greatest common divisor of 60 and 100.
20
Calculate the greatest common factor of 2562 and 95221.
427
What is the greatest common divisor of 2013095 and 1130?
565
Calculate the highest common divisor of 10515 and 168.
3
Calculate the highest common divisor of 224 and 1754032.
112
Calculate the highest common divisor of 2044 and 8.
4
What is the greatest common factor of 17822 and 22876?
266
Calculate the greatest common factor of 4248 and 885.
177
Calculate the greatest common factor of 144 and 45616.
16
What is the greatest common factor of 120 and 510?
30
Calculate the highest common divisor of 726 and 1551.
33
Calculate the highest common divisor of 47 and 208727.
47
What is the highest common divisor of 15340188 and 17?
17
Calculate the highest common divisor of 403255 and 15.
5
Calculate the greatest common factor of 79245 and 10.
5
Calculate the highest common divisor of 213 and 35003.
71
Calculate the highest common divisor of 600 and 9012.
12
What is the highest common divisor of 3654 and 672?
42
Wha